{"version":"1.0","provider_name":"Foci a k\u00f6b\u00f6n","provider_url":"https:\/\/fociakobon.cafeblog.hu","author_name":"Horv\u00e1th M. Attila","author_url":"https:\/\/fociakobon.cafeblog.hu\/author\/horvath_m_attila\/","title":"SZ\u00dcLET\u00c9SNAP \u00bb Kov\u00e1cs L\u00e1szl\u00f3: 70!","html":"<p><strong><img class=\"alignleft size-large wp-image-22359\" src=\"https:\/\/fociakobon.cafeblog.hu\/files\/2020\/06\/IMG_20190918_174445-600x467.jpg\" alt=\"\" width=\"600\" height=\"467\" \/>K\u00fcl\u00f6nleges k\u00f6sz\u00f6nt\u0151re bukkant a Tisztelt Olvas\u00f3. J\u00f3llehet, a legt\u00f6bben az (akkor m\u00e9g l\u00e9tez\u0151) Ut\u00e1np\u00f3tl\u00e1s Futball 7 c\u00edm\u0171 hetilap vagy az \u00e1ltala alap\u00edtott \u00e9s gondozott upfoci.hu weboldal kapcs\u00e1n a p\u00e1ly\u00e1k sz\u00e9l\u00e9r\u0151l ismerhetik, val\u00f3j\u00e1ban az \u00fajs\u00e1g\u00edr\u00e1s csak egy szegmense a mai \u00fcnnepelt \u00e9letm\u0171v\u00e9nek, hiszen szem\u00e9ly\u00e9ben tan\u00e1rembert \u00e9s a Magyar Labdar\u00fag\u00f3 Sz\u00f6vets\u00e9g egykori munkat\u00e1rs\u00e1t is tisztelhetj\u00fck. Kov\u00e1cs L\u00e1szl\u00f3 j\u00fanius 21-\u00e9n, azaz ma 70 esztend\u0151s \u2013 Isten \u00e9ltesse sok\u00e1ig!<\/strong><!--more--><\/p>\r\n<p>Pierre Richard elismer\u0151en csettintett volna. A franci\u00e1k n\u00e9pszer\u0171 gegmestere akkoriban persze nem j\u00e1rt haz\u00e1nkban, nem k\u00f6sz\u00f6nt\u00f6tt\u00e9k d\u00edszvend\u00e9gk\u00e9nt a nem messze l\u00e9v\u0151 eleg\u00e1ns belv\u00e1rosi filmsz\u00ednh\u00e1zban \u00e9s nem csemp\u00e9szt\u00e9k ide-oda a h\u00e1ts\u00f3 kij\u00e1raton az autogram- \u00e9s szelfivad\u00e1szok rohama el\u0151l. A Curia utca negyedik emelet\u00e9n sosem gy\u00fajtott r\u00e1 arany Marlbor\u00f3ra vagy hossz\u00fa k\u00e9k Multifilterre az \u00e9let, hogy f\u00fcst\u00f6l\u00f6gve megpihenjen n\u00e9h\u00e1ny percre, de akkor egy \u00e9gb\u0151l pottyant pillanatra megfagyott a leveg\u0151, pedig m\u00e9g csak annyira volt \u0151sz, mint George Clooney hajkoron\u00e1ja. Cs\u00fct\u00f6rt\u00f6k volt, j\u00f6tt\u00e9l a szok\u00e1sos heti \u00fajs\u00e1gadag\u00e9rt, \u00e9s m\u00e1r \u00e9pp indult\u00e1l volna, amikor k\u00e9zilabda-rajong\u00f3 koll\u00e9g\u00e1nk, Andr\u00e1s a saccperk\u00e1b\u00e9 t\u00edzkil\u00f3s, b\u00f6h\u00f6m monitort maga m\u00f6g\u00f6tt hagyva hirtelen megk\u00e9rdezte: \u201eLaci, merre m\u00e9sz?\u201d, mire a m\u00e1sodperc t\u00f6rt r\u00e9sze alatt v\u00e9gigm\u00e9rted \u00e9s nyugodt hangon csak annyit mondt\u00e1l neki: \u201eEllenkez\u0151leg!\u201d<\/p>\r\n<p><img class=\"alignleft size-large wp-image-22360\" src=\"https:\/\/fociakobon.cafeblog.hu\/files\/2020\/06\/kovacslaciesvegh-600x481.jpg\" alt=\"\" width=\"600\" height=\"481\" \/><\/p>\r\n<p>Mindenki, aki ott volt, r\u00f6h\u00f6g\u00f6tt. A fanyar humor sosem \u00e1llt t\u0151led t\u00e1vol, pedig tudt\u00e1l nagyon is komoly lenni. A szombat, \u00e9s \u2013 ha rendeztek meccset \u2013 a vas\u00e1rnap szent volt, m\u00e1r el\u0151re feljegyezted, hogy a kiemelt U19-ben a Fradi a N\u00e9pligetben reggel kilenckor fogadja a Debrecent, azt\u00e1n d\u00e9lben az U17-esekn\u00e9l az \u00dajpest a C\u00e9rna-p\u00e1ly\u00e1n l\u00e1tja vend\u00e9g\u00fcl a Videotont, oda m\u00e9g \u00e1t\u00e9rsz, a k\u00f6vetkez\u0151 h\u00e9ten pedig \u00fagy alak\u00edtottad a programod, hogy az MTK\u2013Gy\u0151r mellett belef\u00e9rjen a Vasas\u2013Honv\u00e9d f\u0151v\u00e1rosi derbi is. Megsz\u00e1ml\u00e1lhatatlanul sok meccsen voltunk egy\u00fctt, \u00e9s mindig is impon\u00e1lt az a precizit\u00e1s, amivel meg\u00e1ldott a Teremt\u0151, \u00e9s ami a tud\u00f3s\u00edt\u00e1saidban rendszerint visszak\u00f6sz\u00f6nt, hogy aszongya \u201ea 27. percben baloldali ZTE-sz\u00f6glet ut\u00e1n K\u00e1d\u00e1r Tam\u00e1s t\u00edzm\u00e9teres fejes\u00e9t brav\u00farral v\u00e9dte a jobb fels\u0151 sarok el\u0151tt Balik\u00f3 Mil\u00e1n\u201d, \u00e9n meg n\u00e9h\u00e1ny \u00f3r\u00e1val k\u00e9s\u0151bb ott tartottam, hogy a saj\u00e1t krikszkrakszos k\u00e9z\u00edr\u00e1somat nem tudtam elolvasni, \u00edgy a legt\u00f6bbsz\u00f6r k\u00e9nytelen voltam eml\u00e9kezetb\u0151l dolgozni.<\/p>\r\n<p><img class=\"alignleft size-large wp-image-22361\" src=\"https:\/\/fociakobon.cafeblog.hu\/files\/2020\/06\/P9280080-600x450.jpg\" alt=\"\" width=\"600\" height=\"450\" \/><\/p>\r\n<p><img class=\"alignleft size-full wp-image-22362\" src=\"https:\/\/fociakobon.cafeblog.hu\/files\/2020\/06\/P9280085.jpg\" alt=\"\" width=\"300\" height=\"359\" \/>Sajn\u00e1ltam, amikor \u00e9vekkel ezel\u0151tt azt mondtad, nem folytatod az upfoci.hu-t, pedig sok\u00e1ig az ut\u00e1np\u00f3tl\u00e1sfutball egyetlen org\u00e1numak\u00e9nt m\u0171k\u00f6d\u00f6tt helysz\u00edni besz\u00e1mol\u00f3kkal, edz\u0151i interj\u00fakkal, \u00e9rt\u00e9kel\u00e9sekkel, \u00e9s ma is azt \u00e1ll\u00edtom, ez a platform hi\u00e1nyzik a palett\u00e1r\u00f3l. Amikor egyszer r\u00e1k\u00e9rdeztem, azt felelted, majd \u00edrsz egy k\u00f6nyvet, am\u00fagy meg \u00e9led a nyugd\u00edjasok tartalmasan visszafogott, nyugd\u00edjpr\u00e9miummal \u00e9s rezsiutalv\u00e1nnyal kieg\u00e9sz\u00edtett \u00e9let\u00e9t kev\u00e9s stresszel, illetve szesszel. Mostans\u00e1g valamikor alkalomadt\u00e1n pedig ott kellene \u00fcln\u00fcnk a IX. ker\u00fcleti bev\u00e1s\u00e1rl\u00f3k\u00f6zpontban, a szokott hely\u00fcnk\u00f6n, koccint\u00e1s ut\u00e1n sz\u00fcrcs\u00f6lni a \u201emeki\u201d maki sz\u00ednre ping\u00e1lt k\u00e1v\u00e9z\u00f3j\u00e1nak forr\u00f3 csokij\u00e1t, de a COVID-19 felirattal a h\u00e1t\u00e1n az \u00e9let nev\u0171 p\u00e1ly\u00e1n cik\u00e1z\u00f3 fedezet betette a kiskaput. Budafoki sr\u00e1ck\u00e9nt, n\u00e9mi futballm\u00falttal persze kicselezted \u00e9s ezzel m\u00e1t\u00f3l b\u00fcszk\u00e9n hetvenkedhetsz. \u00c9s ha valaki megk\u00e9rdezn\u00e9, hogy merre m\u00e9sz, mondd neki kim\u00e9rten, hogy nem Hatvan, hanem hetvenegy fel\u00e9...<\/p>","type":"rich","thumbnail_url":"https:\/\/fociakobon.cafeblog.hu\/files\/2020\/06\/IMG_20190918_174445-150x150.jpg","thumbnail_width":150,"thumbnail_height":150}

Foci a köbön

Horváth M. Attila

SZÜLETÉSNAP » Kovács László: 70!

<p><strong><img class="alignleft size-large wp-image-22359" src="https://fociakobon.cafeblog.hu/files/2020/06/IMG_20190918_174445-600x467.jpg" alt="" width="600" height="467" />Különleges köszöntőre bukkant a Tisztelt Olvasó. Jóllehet, a legtöbben az (akkor még létező) Utánpótlás Futball 7 című hetilap vagy az általa alapított és gondozott upfoci.hu weboldal kapcsán a pályák széléről ismerhetik, valójában az újságírás csak egy szegmense a mai ünnepelt életművének, hiszen személyében tanárembert és a Magyar Labdarúgó Szövetség egykori munkatársát is tisztelhetjük. Kovács László június 21-én, azaz ma 70 esztendős – Isten éltesse sokáig!</strong><!--more--></p>
<p>Pierre Richard elismerően csettintett volna. A franciák népszerű gegmestere akkoriban persze nem járt hazánkban, nem köszöntötték díszvendégként a nem messze lévő elegáns belvárosi filmszínházban és nem csempészték ide-oda a hátsó kijáraton az autogram- és szelfivadászok rohama elől. A Curia utca negyedik emeletén sosem gyújtott rá arany Marlboróra vagy hosszú kék Multifilterre az élet, hogy füstölögve megpihenjen néhány percre, de akkor egy égből pottyant pillanatra megfagyott a levegő, pedig még csak annyira volt ősz, mint George Clooney hajkoronája. Csütörtök volt, jöttél a szokásos heti újságadagért, és már épp indultál volna, amikor kézilabda-rajongó kollégánk, András a saccperkábé tízkilós, böhöm monitort maga mögött hagyva hirtelen megkérdezte: „Laci, merre mész?”, mire a másodperc tört része alatt végigmérted és nyugodt hangon csak annyit mondtál neki: „Ellenkezőleg!”</p>
<p><img class="alignleft size-large wp-image-22360" src="https://fociakobon.cafeblog.hu/files/2020/06/kovacslaciesvegh-600x481.jpg" alt="" width="600" height="481" /></p>
<p>Mindenki, aki ott volt, röhögött. A fanyar humor sosem állt tőled távol, pedig tudtál nagyon is komoly lenni. A szombat, és – ha rendeztek meccset – a vasárnap szent volt, már előre feljegyezted, hogy a kiemelt U19-ben a Fradi a Népligetben reggel kilenckor fogadja a Debrecent, aztán délben az U17-eseknél az Újpest a Cérna-pályán látja vendégül a Videotont, oda még átérsz, a következő héten pedig úgy alakítottad a programod, hogy az MTK–Győr mellett beleférjen a Vasas–Honvéd fővárosi derbi is. Megszámlálhatatlanul sok meccsen voltunk együtt, és mindig is imponált az a precizitás, amivel megáldott a Teremtő, és ami a tudósításaidban rendszerint visszaköszönt, hogy aszongya „a 27. percben baloldali ZTE-szöglet után Kádár Tamás tízméteres fejesét bravúrral védte a jobb felső sarok előtt Balikó Milán”, én meg néhány órával később ott tartottam, hogy a saját krikszkrakszos kézírásomat nem tudtam elolvasni, így a legtöbbször kénytelen voltam emlékezetből dolgozni.</p>
<p><img class="alignleft size-large wp-image-22361" src="https://fociakobon.cafeblog.hu/files/2020/06/P9280080-600x450.jpg" alt="" width="600" height="450" /></p>
<p><img class="alignleft size-full wp-image-22362" src="https://fociakobon.cafeblog.hu/files/2020/06/P9280085.jpg" alt="" width="300" height="359" />Sajnáltam, amikor évekkel ezelőtt azt mondtad, nem folytatod az upfoci.hu-t, pedig sokáig az utánpótlásfutball egyetlen orgánumaként működött helyszíni beszámolókkal, edzői interjúkkal, értékelésekkel, és ma is azt állítom, ez a platform hiányzik a palettáról. Amikor egyszer rákérdeztem, azt felelted, majd írsz egy könyvet, amúgy meg éled a nyugdíjasok tartalmasan visszafogott, nyugdíjprémiummal és rezsiutalvánnyal kiegészített életét kevés stresszel, illetve szesszel. Mostanság valamikor alkalomadtán pedig ott kellene ülnünk a IX. kerületi bevásárlóközpontban, a szokott helyünkön, koccintás után szürcsölni a „meki” maki színre pingált kávézójának forró csokiját, de a COVID-19 felirattal a hátán az élet nevű pályán cikázó fedezet betette a kiskaput. Budafoki srácként, némi futballmúlttal persze kicselezted és ezzel mától büszkén hetvenkedhetsz. És ha valaki megkérdezné, hogy merre mész, mondd neki kimérten, hogy nem Hatvan, hanem hetvenegy felé...</p>
