{"version":"1.0","provider_name":"Foci a k\u00f6b\u00f6n","provider_url":"https:\/\/fociakobon.cafeblog.hu","author_name":"Horv\u00e1th M. Attila","author_url":"https:\/\/fociakobon.cafeblog.hu\/author\/horvath_m_attila\/","title":"H\u00f3bor(tos) h\u00e9tv\u00e9ge","html":"<p><strong><span style=\"color: #800000\"><img class=\"alignleft size-full wp-image-20318\" src=\"https:\/\/fociakobon.cafeblog.hu\/files\/2018\/09\/hobor_attila.jpg\" alt=\"\" width=\"300\" height=\"225\" \/>\u00d6RK\u00c9NY \u00bb<\/span> H\u00f3bor Attila eml\u00e9kezetess\u00e9 tette bemutatkoz\u00e1s\u00e1t a Pest megyei II. oszt\u00e1ly, D\u00e9li csoport 3. fordul\u00f3j\u00e1ban.<\/strong><!--more--><\/p>\r\n<p>Legut\u00f3bb a f\u0151v\u00e1rosi P\u00e9nz\u00fcgy\u0151r II. sz\u00edneiben, a Budapest.-bajnoks\u00e1g II. oszt\u00e1ly\u00e1ban futballozott a kor\u00e1bban D\u00f6ms\u00f6d\u00f6n \u00e9s Als\u00f3n\u00e9medin is megfordul\u00f3 29 esztend\u0151s H\u00f3bor Attila, aki a ny\u00e1ron \u00edrt al\u00e1 az \u00d6rk\u00e9ny SE-hez. <a href=\"https:\/\/fociakobon.cafeblog.hu\/2018\/08\/29\/interju-iszak-gabor-latok-ra-eselyt-hogy-remek-csapat-formalodjon-orkenyben\/\" target=\"_blank\" rel=\"noopener\">Isz\u00e1k G\u00e1bor, a g\u00e1rda ny\u00e1ron kinevezett edz\u0151je<\/a> a Pest megyei II. oszt\u00e1ly, D\u00e9li csoport 3. fordul\u00f3j\u00e1ban esed\u00e9kes, Taksony II. elleni idegenbeli bajnokin sz\u00e1m\u00edthatott a labdar\u00fag\u00f3ra el\u0151sz\u00f6r t\u00e9tmeccsen, aki a 75. minutumban <a href=\"https:\/\/fociakobon.cafeblog.hu\/2014\/08\/23\/jatekossors-szecsi-attila-ket-osztaly-elore\/\" target=\"_blank\" rel=\"noopener\">Sz\u00e9csi Attila<\/a> cser\u00e9jek\u00e9nt \u00f6lthette mag\u00e1ra \u00faj klubja mez\u00e9t. H\u00f3bor Attila eml\u00e9kezetess\u00e9 tette \u00f6nmaga \u00e9s alakulata sz\u00e1m\u00e1ra a deb\u00fct\u00e1l\u00e1s\u00e1t, ugyanis n\u00e9gy perccel a p\u00e1ly\u00e1ra k\u00fcld\u00e9se ut\u00e1n remek labd\u00e1t kapva kil\u00e9pett a v\u00e9d\u0151k k\u00f6z\u00fcl, majd elgur\u00edtotta <a href=\"https:\/\/fociakobon.cafeblog.hu\/2018\/01\/10\/interju-kreisz-viktor-es-akkor-jott-a-jackpot-kerdes-de-csatarkent-en-meg-szeretem-a-kihivasokat-es-igent-mondtam\/\" target=\"_blank\" rel=\"noopener\">a t\u00f6bb sport\u00e1gban is remekl\u0151 Kreisz Viktor<\/a> mellett a labd\u00e1t, kialak\u00edtva a 0\u20133-as v\u00e9geredm\u00e9nyt. A tal\u00e1lkoz\u00f3 kr\u00f3nik\u00e1j\u00e1hoz tartozik, hogy a mind\u00f6ssze 20 \u00e9ves Rupa M\u00e1rk is remek tal\u00e1latot szerzett, l\u00e9v\u00e9n szinte a f\u00e9lp\u00e1ly\u00e1r\u00f3l indulva, nem egy ellenf\u00e9len t\u00fall\u00e9pve szerzett sz\u00e9p akci\u00f3g\u00f3lt a74. minutumban, 0\u20132-re m\u00f3dos\u00edtva az \u00e1ll\u00e1st.<\/p>","type":"rich","thumbnail_url":"https:\/\/fociakobon.cafeblog.hu\/files\/2018\/09\/hobor_attila-150x150.jpg","thumbnail_width":150,"thumbnail_height":150}

Foci a köbön

Horváth M. Attila

Hóbor(tos) hétvége

<p><strong><span style="color: #800000"><img class="alignleft size-full wp-image-20318" src="https://fociakobon.cafeblog.hu/files/2018/09/hobor_attila.jpg" alt="" width="300" height="225" />ÖRKÉNY »</span> Hóbor Attila emlékezetessé tette bemutatkozását a Pest megyei II. osztály, Déli csoport 3. fordulójában.</strong><!--more--></p>
<p>Legutóbb a fővárosi Pénzügyőr II. színeiben, a Budapest.-bajnokság II. osztályában futballozott a korábban Dömsödön és Alsónémedin is megforduló 29 esztendős Hóbor Attila, aki a nyáron írt alá az Örkény SE-hez. <a href="https://fociakobon.cafeblog.hu/2018/08/29/interju-iszak-gabor-latok-ra-eselyt-hogy-remek-csapat-formalodjon-orkenyben/" target="_blank" rel="noopener">Iszák Gábor, a gárda nyáron kinevezett edzője</a> a Pest megyei II. osztály, Déli csoport 3. fordulójában esedékes, Taksony II. elleni idegenbeli bajnokin számíthatott a labdarúgóra először tétmeccsen, aki a 75. minutumban <a href="https://fociakobon.cafeblog.hu/2014/08/23/jatekossors-szecsi-attila-ket-osztaly-elore/" target="_blank" rel="noopener">Szécsi Attila</a> cseréjeként ölthette magára új klubja mezét. Hóbor Attila emlékezetessé tette önmaga és alakulata számára a debütálását, ugyanis négy perccel a pályára küldése után remek labdát kapva kilépett a védők közül, majd elgurította <a href="https://fociakobon.cafeblog.hu/2018/01/10/interju-kreisz-viktor-es-akkor-jott-a-jackpot-kerdes-de-csatarkent-en-meg-szeretem-a-kihivasokat-es-igent-mondtam/" target="_blank" rel="noopener">a több sportágban is remeklő Kreisz Viktor</a> mellett a labdát, kialakítva a 0–3-as végeredményt. A találkozó krónikájához tartozik, hogy a mindössze 20 éves Rupa Márk is remek találatot szerzett, lévén szinte a félpályáról indulva, nem egy ellenfélen túllépve szerzett szép akciógólt a74. minutumban, 0–2-re módosítva az állást.</p>
